d 2336954?
2
Calculate the greatest common divisor of 30315 and 3431940.
705
Calculate the greatest common divisor of 18 and 9975222.
18
What is the greatest common factor of 8799309 and 52968?
6621
Calculate the highest common factor of 1237738054 and 434.
434
Calculate the highest common factor of 1549895 and 4815.
535
What is the highest common divisor of 166 and 212007813?
83
Calculate the greatest common factor of 5408 and 253838.
338
What is the highest common factor of 57425 and 18263447?
2297
What is the highest common divisor of 1540000 and 98945?
385
Calculate the greatest common factor of 2676 and 360348.
12
Calculate the highest common divisor of 117 and 11234343.
3
What is the greatest common factor of 147903 and 700?
7
What is the greatest common factor of 22061340 and 18?
18
What is the highest common divisor of 25823 and 13311?
17
Calculate the highest common divisor of 469 and 1523446.
67
What is the greatest common factor of 1415299 and 23644?
257
What is the greatest common divisor of 78691526 and 111?
37
Calculate the highest common factor of 103635 and 1475847.
423
What is the highest common factor of 187000965 and 21825?
4365
What is the highest common factor of 15 and 79233445?
5
Calculate the greatest common factor of 373512 and 38868.
948
Calculate the highest common factor of 10 and 172301390.
10
What is the greatest common divisor of 1551447 and 45037?
1553
What is the highest common factor of 6482 and 921085718?
6482
Calculate the highest common divisor of 13871 and 88385.
11
What is the highest common divisor of 222 and 176786?
74
What is the highest common divisor of 240975 and 25029?
81
What is the greatest common divisor of 6421589 and 4?
1
What is the greatest common factor of 80 and 83274424?
8
Calculate the highest common divisor of 6489 and 198681129.
927
Calculate the greatest common divisor of 52 and 28610933.
13
Calculate the highest common factor of 3599 and 2217533.
61
What is the greatest common divisor of 1452703 and 1254197?
9023
What is the highest common factor of 495 and 14690181?
33
Calculate the highest common factor of 891 and 7583382.
81
Calculate the highest common factor of 4489245 and 18.
9
Calculate the highest common factor of 6830895 and 30.
15
What is the greatest common factor of 893476256 and 96?
32
Calculate the highest common divisor of 1275641 and 3629.
19
What is the greatest common factor of 348 and 622740?
12
Calculate the highest common divisor of 222072 and 708168.
456
What is the highest common divisor of 91722166 and 328?
82
What is the highest common factor of 268600 and 14331?
17
Calculate the greatest common factor of 48797168 and 16.
16
Calculate the greatest common divisor of 6329168 and 1360.
272
Calculate the highest common factor of 315242232 and 3792.
1896
Calculate the highest common factor of 373104900 and 285.
285
What is the highest common divisor of 3956664 and 30012?
492
Calculate the greatest common divisor of 45 and 44096301.
9
What is the highest common factor of 68499876 and 444?
444
What is the greatest common factor of 1614511 and 1116?
31
What is the highest common factor of 65348 and 9809888?
3844
Calculate the greatest common divisor of 22045230 and 810.
270
Calculate the highest common divisor of 53104 and 2950591.
3319
Calculate the greatest common factor of 359326018 and 74.
74
What is the greatest common factor of 321 and 20651535?
321
Calculate the greatest common factor of 2480446 and 2884.
206
Calculate the highest common divisor of 21964 and 2237149.
289
Calculate the highest common divisor of 66 and 3232158831.
33
Calculate the highest common factor of 36099 and 400869.
189
What is the greatest common factor of 5720 and 11241230?
1430
What is the highest common factor of 9644217 and 2112?
33
What is the highest common divisor of 89584 and 5056?
16
What is the highest common divisor of 179 and 6345013?
179
What is the greatest common factor of 425732466 and 6?
6
What is the greatest common factor of 1176 and 19464?
24
Calculate the highest common factor of 900891164 and 1684.
1684
What is the highest common divisor of 579168 and 241884?
36
What is the highest common factor of 392469 and 924?
231
Calculate the highest common divisor of 25007976 and 85782.
5046
Calculate the greatest common divisor of 1848 and 12811128.
264
Calculate the greatest common factor of 20 and 11377385.
5
Calculate the greatest common factor of 500956 and 150467.
901
What is the greatest common divisor of 3563133 and 245?
49
Calculate the highest common factor of 6382889 and 335.
67
Calculate the highest common factor of 5159681 and 5.
1
What is the highest common factor of 142198740 and 864?
108
Calculate the highest common factor of 9005661 and 882.
441
What is the highest common divisor of 887 and 41629571?
887
What is the highest common divisor of 55750 and 5030?
10
Calculate the highest common divisor of 1944 and 1098492.
12
What is the highest common factor of 180642 and 8798282?
782
Calculate the greatest common divisor of 19233990 and 810.
270
What is the highest common factor of 579831 and 3486?
21
Calculate the greatest common factor of 13088 and 5613934.
818
What is the highest common factor of 3235 and 605560297?
647
Calculate the greatest common factor of 1075 and 47442650.
25
Calculate the highest common divisor of 92085 and 97790.
35
What is the greatest common factor of 28 and 6045774?
14
Calculate the highest common factor of 43 and 105348108.
43
What is the highest common divisor of 3335 and 1288345?
115
What is the highest common factor of 6319 and 348079?
89
Calculate the highest common factor of 489440 and 37628.
92
Calculate the highest common divisor of 2230 and 706870975.
1115
Calculate the highest common factor of 14021174 and 3346.
478
What is the highest common factor of 30277373 and 28?
7
What is the highest common divisor of 15180 and 4994910?
690
What is the greatest common divisor of 35672 and 360633?
91
What is the greatest common divisor of 102380 and 1890?
10
Calculate the highest common divisor of 1570466 and 725.
29
What is the highest common factor of 47090 and 27149?
17
Calculate the highest common factor of 1854 and 2974743.
927
Calculate the greatest common factor of 10172 and 780701.
2543
What is the greatest common divisor of 42669531 and 135?
27
What is the greatest common factor of 1323527 and 296?
37
Calculate the greatest common divisor of 46962 and 87135382.
5218
Calculate the highest common divisor of 34432 and 2914346.
538
Calculate the highest common divisor of 1 and 2341666.
1
Calculate the greatest common factor of 210553790 and 5.
5
Calculate the greatest common factor of 8788 and 62374.
26
What is the greatest common factor of 29318484 and 1664?
52
What is the highest common divisor of 696 and 747014712?
696
What is the greatest common divisor of 133663 and 73?
73
Calculate the highest common factor of 292 and 134899036.
292
What is the greatest common factor of 87860 and 1199289?
4393
Calculate the greatest common divisor of 221981078 and 152262.
16918
Calculate the highest common divisor of 5984 and 504288.
544
What is the greatest common factor of 17140394 and 142?
142
What is the highest common factor of 29264 and 449872?
496
Calculate the highest common factor of 10 and 265318535.
5
What is the highest common divisor of 300 and 16718325?
75
Calculate the greatest common divisor of 9639725 and 950.
25
Calculate the greatest common factor of 99144819 and 10503.
3501
Calculate the highest common factor of 96831712 and 17153.
1009
What is the highest common divisor of 77027136 and 59568?
816
What is the greatest common divisor of 120 and 11312640?
120
Calculate the greatest common divisor of 487090052 and 37.
37
Calculate the highest common divisor of 211477 and 203.
7
Calculate the greatest common factor of 134629660 and 66.
22
Calculate the highest common divisor of 552 and 69955144.
184
Calculate the greatest common divisor of 576 and 784683.
9
Calculate the highest common factor of 1408 and 1934768.
176
What is the greatest common divisor of 18223793 and 23807?
133
What is the highest common divisor of 3228751 and 1?
1
What is the highest common divisor of 110321112 and 8?
8
What is the greatest common div